ine r(6).
-2
Let v be 34/4 - (-11)/(-22). Suppose -v*p + 7*p + f = -13, 0 = 3*p + 3*f - 9. Let h(l) = l**3 - 7*l**2 - 8*l + 12. Give h(p).
12
Suppose -3*r + 37 = -x, 5*r - 160*x - 40 = -154*x. Let g(u) = u**3 - 15*u**2 + 11*u + 43. What is g(r)?
1
Let u(c) = 0*c**2 + c**2 + 7 + 4*c + 0*c - 2*c**2. Let i be 3 + (13 - (-8 - -19)). Calculate u(i).
2
Let d(c) = -4*c**3 - 2*c**2 - 12*c + 1. Suppose -2*f = -10*f - 24. Let k(i) = 7*i**3 + 4*i**2 + 21*i - 1. Let m(z) = f*k(z) - 5*d(z). What is m(-2)?
4
Let a be (-2)/(-3)*(-774)/(-4). Let r = a - 134. Let w(b) = -b**2 - 3*b + 3. What is w(r)?
-7
Suppose 11 = 2*g - 7*p, 2*g = 4*p + 958 - 944. Let y(i) be the first derivative of -i**3/3 + 7*i**2/2 + 14*i + 3. Calculate y(g).
-4
Suppose 3*x + 3 = 3*s, 7*s = 11*s - 12. Let b(j) = 0 + j**2 - 4 - j**3 + 0 - 3*j**x. Give b(-3).
5
Suppose -6*q - 5*q = -154. Suppose 25 = -q*j + 9*j. Let u(z) = z**3 + 3*z**2 - 5*z + 4. What is u(j)?
-21
Let r(m) be the second derivative of -m**5/20 - m**4/12 + 5*m**3/6 + 3*m**2/2 + 5*m - 6. Suppose -3*q - 16 = 4*k, -4*k - 30 = -26. What is r(q)?
31
Let q = 39 + -37. Let p(i) = -5*i**2 - 6*i - 1. Let a(f) = f**2 + f. Let x(o) = q*p(o) + 11*a(o). Let g be -2*1*(-9)/6. What is x(g)?
4
Let r be (-142)/284 + 1/2. Let k(i) be the third derivative of 1/60*i**5 + r - 2/3*i**3 + 0*i - 12*i**2 + 0*i**4. What is k(-3)?
5
Let x(m) be the second derivative of -m**2 - 1/20*m**5 - 1/3*m**4 - 2/3*m**3 + 6 - 2*m. Give x(-2).
-2
Let m(j) = 3692 - 7389 + 3698 + 2*j. Determine m(4).
9
Let g(a) = -13*a**2 - 8*a + 23. Let c(t) = 10*t**2 + 8*t - 21. Let n(o) = -4*c(o) - 3*g(o). What is n(-9)?
6
Suppose 5*c + t = 3*t - 3618, -c = 4*t + 728. Let u = c + 730. Let y(z) = -4*z - 5. Determine y(u).
-29
Let f(n) = 2*n + 3. Let u(s) = s + 6. Let t(g) = -3*f(g) + u(g). Suppose 0 = 3*p + 4*w + 10, 2*w = -3*w - 5. What is t(p)?
7
Let x(z) = 4*z - 15. Let w be x(14). Let i = w + -37. Suppose 4*g = 6*g + i. Let f(y) = y**3 + y**2 - 1. Give f(g).
-5
Let t(l) be the first derivative of 3*l**5/20 + l**4/12 - 154*l**3/3 + l**2/2 - 144. Let j(q) be the third derivative of t(q). What is j(-1)?
-16
Suppose 5*g - 21 = -1. Suppose 0 = -f - 2 - g. Let u(c) be the second derivative of -c**4/12 - c**3 - 3*c**2 + 26*c + 9. Give u(f).
-6
Let p be 5*(-9)/315*-14. Let u(a) = 10*a**2 - 10. Calculate u(p).
30
Let t(x) = 1 - 6*x**2 + 19*x + 31*x + 19*x**2 - 63*x + 34*x. Let s(g) = 7*g**2 + 10*g. Let o(q) = -11*s(q) + 6*t(q). Calculate o(-16).
6
Let k(r) = r**3 - 2*r**2 + 13*r - 24. Let x be k(2). Let s(f) = 17*f**x + f**3 - 49*f**2 + 31*f**2 + f. Give s(0).
0
Let s(y) = -y**3 + 22*y**2 + 21*y + 4. Let c be (69*20/(-30))/(5 + -7). Give s(c).
-42
Let y = 23 - 20. Let p = 100 - 98. Let m(t) = 4*t - t**3 + 137*t**p - 133*t**2 - y - t. What is m(4)?
9
Let g(c) = -3*c**3 + 20*c**3 - 9*c**3 + c**2 - 16 - 9*c**3. Suppose -6*t + 5*t + 3 = 0. Suppose t*p = 5*p + 3*p. What is g(p)?
-16
Let k(o) = 2*o**2 + 60*o + 380. Suppose 49*j - 12*l - 69 = 46*j, -2*l = 3*j + 43. Calculate k(j).
2
Let s be ((-10)/(-6))/((-1)/3). Let t be 5/((-65)/78*(-6)/15). Let y(h) = t*h - 410 - 16*h + 405. Calculate y(s).
0
Let p(d) be the first derivative of d**4/4 + 7*d**3/3 + 6*d**2 + 6*d + 1159. What is p(-6)?
-30
Let l(o) = 664*o**3 - o - 128 + 3*o**2 + 123 - 662*o**3. Give l(-2).
-7
Let h(g) = -3 - 7*g**2 + 0 + 0*g**2 + 2*g - 3 + 4*g**2. Give h(3).
-27
Let z(x) = -27 + x**3 - 888*x + 456*x + 497*x - 34*x**2. Give z(32).
5
Suppose -5*i = 3*v - 26, 4*v - 24 = -3*i - i. Suppose i*o - 6 - 6 = 0. Let q(y) = -56*y**3 + y + 2 - 6*y**2 + y**2 + 57*y**3 + 2*y**2. Give q(o).
5
Let g = 202 + -200. Let d(u) = -2*u + g*u + 1 + 2*u - u**2 + 4*u. Give d(5).
6
Let v(t) = 413*t**2 + 46 + 415*t**2 + 8*t + 4*t - 18 - 829*t**2. Calculate v(15).
-17
Let y(p) = -p**2 - p + 21. Let n = -41 + -22. Let c = n - -64. Let x be (-3 + 3/c)/(-1 + 4). Calculate y(x).
21
Let b be ((-69)/46)/(2/(-4)). Let m(i) = -4*i**2 - 3*i - 3. Give m(b).
-48
Suppose -3*f + 4*z + 78 = 0, -3*z = 5*f - 32 - 69. Let d(m) = 31 - m**3 - 2*m + 2*m**3 - 10*m**2 + 0*m**3 - f. Give d(10).
-11
Suppose 0 = 132*d - 124*d - 24. Let c(h) = -12 + 8*h**2 + 38*h**3 + 6 - 39*h**d. Calculate c(8).
-6
Let b(f) = f + 1. Let t(x) be the second derivative of -2*x**3/3 + 3*x**2/2 - 36*x. Let m(q) = -2*b(q) - t(q). Determine m(5).
5
Let m(d) = 10*d**3 + 3*d + 4. Let u(w) = -w**2 + 21*w - 105. Let z be u(8). Let r be m(z). Let s(h) = h**2 + 9*h - 7. Give s(r).
-7
Let q(s) = 5*s**3 - 28*s**2 + 12*s - 5. Let p(g) = -17*g**3 + 104*g**2 - 36*g + 14. Let y(o) = 2*p(o) + 7*q(o). Give y(-11).
-18
Let q(j) be the first derivative of -3*j**2 - j + 3. Let l(p) = -2*p**2 - 17*p + 8. Suppose -2*x - 22 = -5*b - 4, 2*x + 18 = b. Let c be l(x). Calculate q(c).
5
Let d(o) = -o**2 + 7*o - 3. Suppose 24 = -19*b + 23*b. Suppose -2*s - b*s + 40 = 0. Let n = s + 2. Give d(n).
-3
Let z(w) = 7*w + 4326 + 2251*w**2 - 2257*w**2 - 4325 - 3*w**3. Calculate z(-3).
7
Let z(c) = -c**2 + c + 1. Let s = 85 + -86. Let b(q) = 2*q**2 + 5*q - 3. Let w(m) = s*b(m) - z(m). Give w(-3).
11
Let x(t) = t**3 - 6*t**2 - 5*t - 6. Suppose 3*u + 5*a = 1115, -4*a + 336 + 31 = u. Let w = u - 368. Calculate x(w).
8
Let k(t) = -t**3 - 19*t**2 - 2*t - 33. Let h be k(-19). Suppose g - 16 = h*g. Let n(z) = -2*z**2 - 3*z - 5. Give n(g).
-25
Let f(g) = g**3 - 8*g**2 + 46. Let y be 6 - (8 - 6)/(5 + -7). Give f(y).
-3
Let a(l) = -5 + 3*l**2 + 11 - 6*l - 4 - 9 + 2. Determine a(4).
19
Let q(b) be the second derivative of 2*b**3 + 171*b**2/2 - 4580*b. Give q(-14).
3
Let o(p) = -p**3 - 17*p**2 - 19*p - 42. Let j(q) = q**3 - q**2 + 2*q - 16. Let k be j(0). Determine o(k).
6
Let u = -40 - -32. Let t = -3 - u. Suppose 3*m = 2*z - 15, -4 + 27 = -t*m + 4*z. Let n(j) = j + 10. Calculate n(m).
3
Let z(j) = 396*j**2 - 101*j**2 + 117 + 22*j - 102*j**2 - 88*j**2 - 104*j**2. Give z(-14).
5
Let b(u) = -u**2 + u + 1. Let i be b(0). Let q(t) be the first derivative of -3*t**3 + 3*t**2/2 - t - 5573. What is q(i)?
-7
Let k be -2*(-7)/(-5 - 51) + 14/(-8). Let w(f) = -16*f - 10. What is w(k)?
22
Suppose 800 = -p + 5*f + 838, p + 2*f + 11 = 0. Let n(q) = -q + 2*q**2 - 2*q - q + 4. Give n(p).
10
Suppose h - 13 = 2*h + 4*a, -4*a = -2*h + 22. Suppose 0*f + h*f - g = 30, 36 = 5*f + 3*g. Let v(n) = f + 2*n - 12 - 3. Give v(6).
6
Let n(m) = m**3 + 4*m**2 - 6*m + 6. Let t be n(-5). Let j = -5 + t. Let i(p) = 5*p - 74. Let g(d) = 11*d - 164. Let x(s) = -4*g(s) + 9*i(s). Determine x(j).
-4
Let a(q) = -6*q - 1. Let n = 142 + -96. Let i = n + -34. Let y be 1/(2/8 + (-15)/i). Calculate a(y).
5
Suppose 4*g = 1 + 7. Let i(z) = -8*z - 20. Let s(k) = 4*k + 9. Let j(d) = d**2 - 15*d + 23. Let m be j(12). Let p(f) = m*s(f) - 6*i(f). Determine p(g).
-5
Let x(y) = y - 1. Let r(t) = t - 14. Let i be r(11). Let g be (-4)/((-2)/i*3). Let k be (-1 - 0)*(4 + g). Give x(k).
-3
Suppose 0 = 11*m - 13*m + 6. Let q be (-2)/((-4)/(-22) - 17/33). Let g(w) = 3*w**2 + 5*w**m - 10*w + 17 - 9 - 4*w**3 + q*w**2. What is g(-10)?
8
Let t(y) be the third derivative of 5*y**2 - 13/24*y**4 - 1/60*y**5 + 8/3*y**3 - 1 + 0*y. What is t(-14)?
2
Let r(p) be the third derivative of p**6/120 + p**5/30 - p**3 + 4*p**2 + 375*p. Calculate r(2).
10
Let v(n) = 178*n - 3 - 179*n + 7 - 1. Let y(i) = -27*i**2 - 4*i + 15. Let z(g) = -5*v(g) + y(g). Calculate z(1).
-26
Let x(a) = -7*a + 59. Let u(w) = 8*w - 75. Let t(q) = -5*u(q) - 6*x(q). Calculate t(-8).
5
Let x = 124 - 129. Let g(b) = -3*b**2 + 4*b + 5. Let z(h) = -h**2 + 3*h + 2. Let a(v) = x*z(v) + 2*g(v). Determine a(-7).
0
Let f(s) = 2*s + 11. Suppose 2*u = u + 4. Let l = 5971 + -5978. Let b be (u - 0) + l + -5. What is f(b)?
-5
Let a(k) be the second derivative of 3/2*k**3 + 1/20*k**5 - 134*k + k**2 + 11/12*k**4 + 0. Give a(-10).
12
Suppose -202*c = -33*c - 4394. Let p(a) = -42*a + 1097. Give p(c).
5
Let v(c) = 8*c + 3. Let s be 143 + 0 - -1 - 1. Let t be (-23)/11 + 13/s. Give v(t).
-13
Let i(r) = 4138*r + 3 + 4137*r - 2*r**2 + 4127*r - 12404*r. What is i(2)?
-9
Suppose -g - 18 = -19. Let k(s) be the first derivative of 0*s**3 + 7 + 0*s - 1/2*s**2 + 3/2*s**4. What is k(g)?
5
Let o(v) = 33*v**3 - v**2 + v. Let a be (-18)/12 + 8/(48/15). What is o(a)?
33
Let s = -13 + 15. Let p(y) be the second derivative of -y**4/12 + 2*y**3/3 - y**2 - 896*y. What is p(s)?
2
Let